 15, what is 9ae1 + 25c?
9d4d
In base 5, what is -11022 + 411224?
400202
In base 6, what is -44434504 - -5?
-44434455
In base 15, what is de4 - -67a2?
7696
In base 5, what is 42332112 - 30?
42332032
In base 2, what is 11000000001010 - -110000100?
11000110001110
In base 7, what is -12240 + 6153?
-3054
In base 6, what is -13130 + 2501054?
2443524
In base 16, what is 1 + -70bff9?
-70bff8
In base 3, what is -1020101021 + -1120102211?
-2210211002
In base 13, what is -135 - -1560a?
154a5
In base 8, what is -3 - 2463345633?
-2463345636
In base 4, what is 11 - 23333221001?
-23333220330
In base 2, what is -11101000010001101011 + -10100?
-11101000010001111111
In base 7, what is -1 - -5252411?
5252410
In base 15, what is -a272 - -3da?
-9d87
In base 14, what is 61ab84 + -3?
61ab81
In base 14, what is 26 + 1c99b?
1c9c3
In base 11, what is -1612a77 - -1?
-1612a76
In base 13, what is 15 + -c2a60?
-c2a48
In base 9, what is -225486864 - -6?
-225486857
In base 14, what is -1 + -179473?
-179474
In base 15, what is -37081e - -35?
-3707d9
In base 14, what is -92a4 - -14b1?
-7bd3
In base 6, what is -41511201 + 35?
-41511122
In base 4, what is -100 + -102332313?
-102333013
In base 10, what is 318300 - -24?
318324
In base 11, what is -a1841 + -865?
-a25a6
In base 9, what is 1650380 + 2?
1650382
In base 13, what is -cb189142 + -3?
-cb189145
In base 13, what is 0 - -b2636?
b2636
In base 6, what is -302212 + 1543?
-300225
In base 15, what is 6ba9 - -1de?
6d98
In base 13, what is 11 - -5c6722?
5c6733
In base 4, what is 13131101 + -1300?
13123201
In base 7, what is 1 - -4141144001?
4141144002
In base 14, what is -2 - -5896930?
589692c
In base 12, what is 63a37 + a?
63a45
In base 2, what is 1 - -110101100101101101111?
110101100101101110000
In base 15, what is ad - d695a?
-d689c
In base 12, what is 5560a7 - -5?
5560b0
In base 4, what is -120213132103 - -1?
-120213132102
In base 8, what is -1572 - -667741?
666147
In base 13, what is 1365 - 1c0?
1175
In base 7, what is 4 - -101106633?
101106640
In base 3, what is -2 + -122120020001020?
-122120020001022
In base 5, what is 14212340 - -12224?
14230114
In base 16, what is -1715 + 14db?
-23a
In base 16, what is -3f70c475 - -1?
-3f70c474
In base 7, what is -1603022060 - -4?
-1603022053
In base 16, what is -36b + -16752?
-16abd
In base 12, what is -5 - -1827b7a?
1827b75
In base 10, what is 10 - -25251548?
25251558
In base 11, what is 2a52370 - 7?
2a52364
In base 15, what is 5abab9b - -2?
5abab9d
In base 12, what is 30b7b6 - 6?
30b7b0
In base 4, what is 3 + -2010230102123?
-2010230102120
In base 3, what is -22011 + 1021020212220?
1021020120202
In base 11, what is 15a875975 + 3?
15a875978
In base 16, what is 14 + -3abb6?
-3aba2
In base 16, what is 496ec5 + -5?
496ec0
In base 16, what is -7c - -43fc2?
43f46
In base 6, what is -2003340 + -21254?
-2025034
In base 15, what is 5a + 4b73?
4bcd
In base 7, what is -10515 - 103544?
-114362
In base 10, what is 2812890 + 196?
2813086
In base 14, what is -24 + -1831c7?
-18320b
In base 5, what is 340 + 1423301?
1424141
In base 3, what is 2 - -22221022120220?
22221022120222
In base 15, what is c7b20 - 6?
c7b19
In base 7, what is 13300664 + -4?
13300660
In base 6, what is -2232012351 - -22?
-2232012325
In base 5, what is 11 + 110414243?
110414304
In base 2, what is -11010111001110 - -100100010100?
-10110010111010
In base 13, what is -10704 + -54?
-10758
In base 3, what is -11200 - 2211012101222?
-2211012120122
In base 13, what is 7133 - -c4?
7227
In base 14, what is 2a + 71b4a1?
71b4cb
In base 12, what is 4b5 - -12182?
12677
In base 10, what is -11 + 82003052?
82003041
In base 11, what is 194719 - 2?
194717
In base 14, what is 14 + -2005c?
-20048
In base 7, what is 1 - -213242364?
213242365
In base 8, what is 2255422 - 7?
2255413
In base 5, what is 4004 + 123301?
132310
In base 16, what is -68c17 - -1e?
-68bf9
In base 12, what is -105aa9 + -4a1?
-10638a
In base 10, what is -492198 - 73?
-492271
In base 13, what is 9a - -b786?
b853
In base 9, what is -1531 + 658781?
657250
In base 13, what is 44412 - 28?
443b7
In base 2, what is -100010011100 + -11111001?
-100110010101
In base 9, what is 552 + -77750?
-77187
In base 14, what is 6a - d8a56?
-d89ca
In base 5, what is 1034 - -2444014?
3000103
In base 14, what is -1da + -169760?
-16995a
In base 13, what is -48 - -160514?
160499
In base 16, what is 30d1 + -2a3e?
693
In base 15, what is e72b - 71?
e6aa
In base 6, what is 34425525 + -2?
34425523
In base 14, what is -c044d03 - 3?
-c044d06
In base 2, what is -111 - -1010000011001000111100110011?
1010000011001000111100101100
In base 4, what is 3110010130212 - -10?
3110010130222
In base 12, what is -11 - -90aab?
90a9a
In base 12, what is 18a2a7 + 31?
18a318
In base 15, what is -101e - 260d3?
-27102
In base 14, what is 1cba - 5c10b?
-5a231
In base 11, what is 2a41a566 - -7?
2a41a572
In base 12, what is 1ab3 + 1706?
35b9
In base 3, what is 0 + 10000220200220?
10000220200220
In base 12, what is -42613 - 4110?
-46723
In base 5, what is -1414 - 34002431?
-34004400
In base 8, what is -2662106 - 16?
-2662124
In base 9, what is -27634412 - -28?
-27634373
In base 11, what is 49 - -a01a4a?
a01a98
In base 15, what is -e9 + -655c?
-6656
In base 16, what is 1f218 - 73?
1f1a5
In base 14, what is a8795 - -7?
a879c
In base 13, what is 484656 - 39?
48461a
In base 9, what is -164 - -152452?
152277
In base 16, what is -a02 + -5eee?
-68f0
In base 11, what is -824 - 892?
-1606
In base 4, what is -1230210221031110 - -11?
-1230210221031033
In base 5, what is -2202003 - -2244?
-2144204
In base 8, what is -42044 + 2241?
-37603
In base 9, what is 37531 + -661?
36760
In base 5, what is -210042034 + 434?
-210041100
In base 7, what is 135 - 1335360?
-1335222
In base 11, what is 1 - 53a1094?
-53a1093
In base 2, what is -10 - 1010000100110110110010?
-1010000100110110110100
In base 2, what is -1010001101000001001101000101 - 1?
-1010001101000001001101000110
In base 6, what is -33043 + -204151?
-241234
In base 14, what is 3 + 93aa534?
93aa537
In base 7, what is -312563 - -23?
-312540
In base 11, what is 18 - 26a991?
-26a974
In base 13, what is -2348a - -13a?
-23350
In base 2, what is 1001001000110110110110100 + -1?
1001001000110110110110011
In base 7, what is -2404605 - 1?
-2404606
In base 4, what is 120002020 - 221?
120001133
In base 3, what is 100002 + -2112010112?
-2111210110
In base 7, what is -10 - -1306042?
1306032
In base 11, what is -2 + -80897a?
-808981
In base 14, what is -7c6d9526 + -1?
-7c6d9527
In base 10, what is -34308 + 622?
-33686
In base 11, what is -21069a3 - -17?
-2106987
In base 3, what is 2120100 - -201001120?
210121220
In base 7, what is 10443021 - -514?
10443535
In base 9, what is -7755137 - -5?
-7755132
In base 5, what is -2 - -324333221?
324333214
In base 11, what is -705a0 + -1076?
-71666
In base 3, what is 212120 + -10002002110?
-10001012220
In base 16, what is 5 - -1ea001?
1ea006
In base 4, what is 1332133 - 2?
1332131
In base 10, what is 70917 - -36?
70953
In base 12, what is -92 - 5b9891?
-5b9963
In base 8, what is -1 - 52663702?
-52663703
In base 16, what is 3f0 + -84f?
-45f
In base 7, what is -363 + 326423?
326030
In base 2, what is -11101011010111 - -110011110000?
-10110111100111
In base 12, what is -2 + -10a2051?
-10a2053
In base 11, what is -1874218 - 33?
-1874250
In base 7, what is 11663 + 2431?
14424
In base 2, what is 110111011110 + 111110101100?
1110110001010
In base 3, what is 22010120 - -1000221?
100011111
In base 11, what is 338 + -46013?
-45786
In base 8, what is -11 + 2422075?
2422064
In base 11, what is -3 - -769987a?
7699877
In base 6, what is 0 + 15151513115?
15151513115
In base 9, what is -17 - -262238?
262221
In base 2, what is -101000110101110110011101 - -110?
-101000110101110110010111
In base 15, what is -b9e - 11dd?
-1d8c
In base 5, what is 101 - 1034103?
-1034002
In base 9, what is 2552 + -3337?
-675
In base 7, what is 11651565 - 1220?
11650345
In base 16, what is -3896 - -fa9a?
c204
In base 4, what is -31032213120 + 101?
-31032213013
In base 5, what is -3142310 - -422?
-3141333
In base 7, what is -246 + 6121445?
6121166
In base 6, what is 201 + 123200420?
123201021
In base 13, what is -5a486 - 183?
-5a639
In base 5, what is -20043344001 + -2?
-20043344003
In base 4, what is -1103233010